e factors of 1769?
29, 61
List the prime factors of 2785.
5, 557
List the prime factors of 19321.
139
List the prime factors of 34409.
19, 1811
What are the prime factors of 559?
13, 43
List the prime factors of 45800.
2, 5, 229
List the prime factors of 6270.
2, 3, 5, 11, 19
List the prime factors of 961.
31
List the prime factors of 2172.
2, 3, 181
List the prime factors of 1104.
2, 3, 23
What are the prime factors of 57358?
2, 7, 17, 241
List the prime factors of 616.
2, 7, 11
List the prime factors of 932.
2, 233
List the prime factors of 3417.
3, 17, 67
What are the prime factors of 416?
2, 13
List the prime factors of 43705.
5, 8741
What are the prime factors of 960?
2, 3, 5
List the prime factors of 31203.
3, 3467
List the prime factors of 30995.
5, 6199
What are the prime factors of 80019?
3, 17, 523
What are the prime factors of 12283?
71, 173
What are the prime factors of 3967?
3967
List the prime factors of 3444.
2, 3, 7, 41
List the prime factors of 13577.
13577
List the prime factors of 5695.
5, 17, 67
What are the prime factors of 1229?
1229
What are the prime factors of 3880?
2, 5, 97
What are the prime factors of 4554?
2, 3, 11, 23
List the prime factors of 2143.
2143
What are the prime factors of 1571?
1571
What are the prime factors of 205?
5, 41
List the prime factors of 2842.
2, 7, 29
What are the prime factors of 200?
2, 5
What are the prime factors of 6316?
2, 1579
What are the prime factors of 23878?
2, 11939
What are the prime factors of 37806?
2, 3, 6301
List the prime factors of 51152.
2, 23, 139
List the prime factors of 78548.
2, 73, 269
What are the prime factors of 1186?
2, 593
What are the prime factors of 1410?
2, 3, 5, 47
List the prime factors of 5796.
2, 3, 7, 23
What are the prime factors of 31126?
2, 79, 197
What are the prime factors of 27718?
2, 13859
List the prime factors of 27317.
59, 463
What are the prime factors of 271?
271
List the prime factors of 2715.
3, 5, 181
List the prime factors of 4164.
2, 3, 347
List the prime factors of 2439.
3, 271
List the prime factors of 403.
13, 31
List the prime factors of 2052.
2, 3, 19
What are the prime factors of 81766?
2, 40883
List the prime factors of 177451.
29, 211
List the prime factors of 7846.
2, 3923
List the prime factors of 5711.
5711
List the prime factors of 3457.
3457
List the prime factors of 2536.
2, 317
What are the prime factors of 20967?
3, 29, 241
What are the prime factors of 20761?
13, 1597
List the prime factors of 84779.
17, 4987
List the prime factors of 159.
3, 53
What are the prime factors of 689?
13, 53
List the prime factors of 739.
739
What are the prime factors of 362?
2, 181
List the prime factors of 39005.
5, 29, 269
What are the prime factors of 144585?
3, 5, 7, 17
What are the prime factors of 7611?
3, 43, 59
List the prime factors of 11465.
5, 2293
What are the prime factors of 9427?
11, 857
List the prime factors of 793.
13, 61
What are the prime factors of 5382?
2, 3, 13, 23
List the prime factors of 994.
2, 7, 71
What are the prime factors of 4496?
2, 281
List the prime factors of 20370.
2, 3, 5, 7, 97
What are the prime factors of 6281?
11, 571
What are the prime factors of 6924?
2, 3, 577
What are the prime factors of 1456?
2, 7, 13
What are the prime factors of 7136?
2, 223
What are the prime factors of 15508?
2, 3877
List the prime factors of 1907.
1907
List the prime factors of 4275.
3, 5, 19
What are the prime factors of 16414?
2, 29, 283
List the prime factors of 2937.
3, 11, 89
List the prime factors of 26931.
3, 47, 191
List the prime factors of 1522.
2, 761
What are the prime factors of 40166?
2, 7, 19, 151
What are the prime factors of 16796?
2, 13, 17, 19
What are the prime factors of 36394?
2, 31, 587
List the prime factors of 1537.
29, 53
List the prime factors of 11592.
2, 3, 7, 23
List the prime factors of 2160.
2, 3, 5
List the prime factors of 4337.
4337
List the prime factors of 15654.
2, 3, 2609
What are the prime factors of 3794?
2, 7, 271
List the prime factors of 12637.
12637
What are the prime factors of 87891?
3, 29297
What are the prime factors of 53775?
3, 5, 239
List the prime factors of 50998.
2, 43, 593
List the prime factors of 18754.
2, 9377
What are the prime factors of 40812?
2, 3, 19, 179
List the prime factors of 40298.
2, 20149
What are the prime factors of 8362?
2, 37, 113
What are the prime factors of 5616?
2, 3, 13
What are the prime factors of 5824?
2, 7, 13
What are the prime factors of 6111?
3, 7, 97
What are the prime factors of 780?
2, 3, 5, 13
List the prime factors of 17838.
2, 3, 991
What are the prime factors of 97923?
3, 7, 4663
List the prime factors of 5956.
2, 1489
What are the prime factors of 2662?
2, 11
What are the prime factors of 6270?
2, 3, 5, 11, 19
List the prime factors of 1170.
2, 3, 5, 13
What are the prime factors of 6279?
3, 7, 13, 23
What are the prime factors of 7073?
11, 643
What are the prime factors of 29559?
3, 59, 167
List the prime factors of 112169.
223, 503
List the prime factors of 3850.
2, 5, 7, 11
List the prime factors of 437.
19, 23
What are the prime factors of 1819?
17, 107
What are the prime factors of 66790?
2, 5, 6679
What are the prime factors of 225?
3, 5
What are the prime factors of 18512?
2, 13, 89
What are the prime factors of 8914?
2, 4457
List the prime factors of 8891.
17, 523
What are the prime factors of 1105?
5, 13, 17
List the prime factors of 19193.
17, 1129
What are the prime factors of 2763?
3, 307
What are the prime factors of 46395?
3, 5, 1031
What are the prime factors of 17998?
2, 8999
What are the prime factors of 594?
2, 3, 11
What are the prime factors of 8162?
2, 7, 11, 53
List the prime factors of 60.
2, 3, 5
List the prime factors of 12650.
2, 5, 11, 23
List the prime factors of 21764.
2, 5441
List the prime factors of 10757.
31, 347
What are the prime factors of 22028?
2, 5507
What are the prime factors of 3900?
2, 3, 5, 13
What are the prime factors of 2185?
5, 19, 23
List the prime factors of 46626.
2, 3, 19, 409
List the prime factors of 265.
5, 53
List the prime factors of 4530.
2, 3, 5, 151
What are the prime factors of 100084?
2, 131, 191
What are the prime factors of 41388?
2, 3, 3449
List the prime factors of 1415.
5, 283
List the prime factors of 39.
3, 13
List the prime factors of 2780.
2, 5, 139
List the prime factors of 8056.
2, 19, 53
List the prime factors of 99074.
2, 49537
List the prime factors of 3517.
3517
List the prime factors of 4336.
2, 271
What are the prime factors of 976?
2, 61
What are the prime factors of 7287?
3, 7, 347
List the prime factors of 821.
821
List the prime factors of 5242.
2, 2621
List the prime factors of 836.
2, 11, 19
List the prime factors of 155.
5, 31
List the prime factors of 1277.
1277
What are the prime factors of 31142?
2, 23, 677
List the prime factors of 4312.
2, 7, 11
What are the prime factors of 626?
2, 313
List the prime factors of 43268.
2, 29, 373
List the prime factors of 1769.
29, 61
What are the prime factors of 12905?
5, 29, 89
What are the prime factors of 3398?
2, 1699
List the prime factors of 2979.
3, 331
List the prime factors of 3260.
2, 5, 163
List the prime factors of 1694.
2, 7, 11
List the prime factors of 4958.
2, 37, 67
List the prime factors of 773.
773
List the prime factors of 25845.
3, 5, 1723
What are the prime factors of 5975?
5, 239
List the prime factors of 8985.
3, 5, 599
List the prime factors of 3900.
2, 3, 5, 13
What are the prime factors of 19251?
3, 23, 31
What are the prime factors of 34522?
2, 41, 421
List the prime factors of 36022.
2, 7, 31, 83
What are the prime factors of 1442?
2, 7, 103
List the prime factors of 1502.
2, 751
List the prime factors of 20356.
2, 7, 727
What are the prime factors of 23?
23
List the prime factors of 145.
5, 29
List the prime factors of 10229.
53, 193
List the prime factors of 10819.
31, 349
What are the prime factors of 1390?
2, 5, 139
What are the prime factors of 512?
2
List the prime factors of 21350.
2, 5, 7, 61
List the prime factors of 5385.
3, 5, 359
What are the prime factors of 40238?
2, 11, 31, 59
What are the prime factors of 98022?
2, 3, 17, 31
What are the prime factors of 4302?
2, 3, 239
What are the prime factors of 16960?
2, 5, 53
What are the prime factors of 19?
1